52329 composite?
True
Is 1838939 composite?
True
Is 10597511 prime?
False
Is 4027579 composite?
False
Is 5569709 a composite number?
True
Is 535273 prime?
True
Is 1698995 composite?
True
Is 453946487 prime?
True
Is 7543097 prime?
True
Is 26450909 a composite number?
False
Is 10661087 a composite number?
False
Is 782953 composite?
True
Is 17651687 a composite number?
False
Is 7968199 composite?
False
Is 8897071 composite?
True
Is 16079351 composite?
False
Is 6332477 a composite number?
False
Is 1453201 a prime number?
True
Is 75068933 a composite number?
True
Is 1068623 a prime number?
False
Is 1056165677 composite?
True
Is 190979 prime?
True
Is 3188387 a composite number?
False
Is 260353 a composite number?
True
Is 273980849 a prime number?
True
Is 50837279 a prime number?
True
Is 5182867 composite?
False
Is 4773095 composite?
True
Is 25285993 a prime number?
False
Is 29437277 a prime number?
True
Is 155690603 a composite number?
True
Is 49483789 composite?
False
Is 1394065 prime?
False
Is 45278689 a prime number?
False
Is 55234087 composite?
False
Is 25070239 composite?
True
Is 9529103 a prime number?
True
Is 1497493 prime?
True
Is 268909 a composite number?
False
Is 146400797 prime?
True
Is 16196821 composite?
True
Is 12129017 a prime number?
True
Is 6654623 a composite number?
True
Is 52932001 composite?
True
Is 78200303 a prime number?
True
Is 53995259 prime?
True
Is 10596697 a composite number?
True
Is 5219278 a composite number?
True
Is 48622909 prime?
True
Is 1289089 composite?
True
Is 3330695 a composite number?
True
Is 45736267 prime?
True
Is 46999057 a prime number?
False
Is 4618483 a composite number?
False
Is 63895467 prime?
False
Is 1013847 a composite number?
True
Is 255431503 prime?
True
Is 26325391 prime?
True
Is 1118845198 composite?
True
Is 7074538 composite?
True
Is 41681 composite?
False
Is 19949383 composite?
False
Is 3965389 composite?
True
Is 8292419 a composite number?
False
Is 24447817 composite?
False
Is 23204189 a composite number?
True
Is 33069007 composite?
False
Is 13724093 prime?
True
Is 11171903 a composite number?
True
Is 37344691 composite?
False
Is 4102409 a composite number?
False
Is 107719649 a prime number?
False
Is 2431097 a composite number?
False
Is 191495269 prime?
False
Is 3624809 a composite number?
True
Is 13333 a composite number?
True
Is 742664027 a prime number?
False
Is 6433879 a composite number?
True
Is 24614365 composite?
True
Is 44592749 composite?
True
Is 356351147 prime?
False
Is 17529293 prime?
True
Is 96081239 a composite number?
False
Is 2516209 prime?
True
Is 7217813 composite?
True
Is 147933413 a prime number?
True
Is 8824297 a composite number?
True
Is 34900693 a composite number?
False
Is 31268393 a prime number?
False
Is 84752501 composite?
False
Is 374879 a prime number?
True
Is 53229097 composite?
False
Is 52275247 a prime number?
True
Is 25505299 a composite number?
False
Is 2675747 prime?
False
Is 42067819 a prime number?
True
Is 192442379 composite?
False
Is 1745243 a composite number?
True
Is 12858983 a prime number?
False
Is 3176473 prime?
False
Is 28226753 prime?
True
Is 21746071 a composite number?
True
Is 22974502 a composite number?
True
Is 4002254 prime?
False
Is 2587199 prime?
False
Is 490687 a composite number?
True
Is 473577673 composite?
True
Is 338683 composite?
False
Is 58736993 a prime number?
False
Is 23670077 prime?
True
Is 371670787 a composite number?
True
Is 17796223 composite?
True
Is 26313953 a composite number?
False
Is 59237413 a composite number?
False
Is 206963 composite?
True
Is 34874197 composite?
False
Is 82841701 a prime number?
True
Is 18217527 prime?
False
Is 489301789 prime?
False
Is 1832489 a prime number?
False
Is 1573049 composite?
True
Is 2015567 a prime number?
True
Is 11820955 a composite number?
True
Is 106040147 a prime number?
True
Is 7827923 a prime number?
False
Is 6099955 a composite number?
True
Is 467729 a composite number?
False
Is 9241178 composite?
True
Is 461821697 a prime number?
True
Is 208303 a prime number?
False
Is 27421109 prime?
True
Is 11094407 a prime number?
True
Is 389744707 a prime number?
False
Is 41001973 composite?
True
Is 458561 prime?
False
Is 1460413 a prime number?
True
Is 2177338 composite?
True
Is 30377731 a prime number?
True
Is 3360003 prime?
False
Is 580213 prime?
True
Is 89894569 a prime number?
True
Is 3548681 composite?
False
Is 28795511 a composite number?
True
Is 22897 prime?
False
Is 16361342 prime?
False
Is 6565307 a composite number?
True
Is 19423889 prime?
True
Is 389063 prime?
False
Is 2530235 composite?
True
Is 36790417 a prime number?
True
Is 5357539 composite?
True
Is 493690217 prime?
False
Is 32976649 prime?
True
Is 73846897 a composite number?
False
Is 1234427 a prime number?
False
Is 35508773 composite?
False
Is 237886643 prime?
False
Is 582391 prime?
True
Is 159441127 composite?
False
Is 44865299 prime?
True
Is 28011467 a prime number?
False
Is 5636651 prime?
True
Is 11231879 prime?
True
Is 56024601 prime?
False
Is 3814439 composite?
False
Is 3466523 a prime number?
False
Is 2820971 a composite number?
False
Is 5740571 composite?
False
Is 196059857 a composite number?
True
Is 434489907 prime?
False
Is 10322771 a composite number?
True
Is 81182747 composite?
True
Is 1674329 a composite number?
False
Is 4612961 composite?
True
Is 5996231 prime?
True
Is 88130851 prime?
False
Is 352453 a prime number?
False
Is 39650291 prime?
False
Is 3365093 a composite number?
False
Is 3753103 prime?
False
Is 53391301 a composite number?
True
Is 1201579 a composite number?
True
Is 29729885 a composite number?
True
Is 17943571 a composite number?
True
Is 95735209 a composite number?
True
Is 56302277 a composite number?
False
Is 479419 a prime number?
True
Is 2421539 a composite number?
True
Is 1506023 a prime number?
True
Is 885433 prime?
False
Is 456917 a composite number?
True
Is 9305438 composite?
True
Is 73935827 prime?
False
Is 295921999 composite?
False
Is 6395471 a prime number?
True
Is 1810649 prime?
True
Is 24133231 composite?
True
Is 298368599 composite?
False
Is 6653573 prime?
True
Is 103157237 composite?
False
Is 42287171 a prime number?
False
Is 12396821 a prime number?
True
Is 460029373 composite?
True
Is 3266827 a composite number?
False
Is 3878257 composite?
True
Is 38573489 a composite number?
False
Is 40518367 a prime number?
False
Is 14754859 composite?
True
Is 10052753 prime?
True
Is 130647817 a composite number?
True
Is 36751573 composite?
False
Is 66317281 a prime number?
True
Is 28175281 composite?
False
Is 115704229 composite?
True
Is 102193165 prime?
False
Is 98891313 composite?
True
Is 1077499 a prime number?
True
Is 1935079 a prime number?
True
Is 97621583 a composite number?
False
Is 8692897 prime?
False
Is 151151957 a composite number?
True
Is 27512949 composite?
True
Is 9881803 composite?
False
Is 3579115 prime?
False
Is 25149247 composite?
False
Is 5548897 composite?
False
Is 6363319 prime?
True
Is 58220293 prime?
True
Is 21372899 composite?
True
Is 488524741 a composite number?
True
Is 201430277 a composite number?
False
Is 310418369 composite?
False
Is 75737513 composite?
False
Is 22025953 a prime number?
False
Is 9689591 a composite number?
False
Is 8983577 a composite number?
False
Is 295041931 a prime number?
True
Is 35414605 a prime number?
False
Is 3711445 a composite number?
True
Is 39247093 prime?
True
Is 775316921 a prime number?
False
Is 789491 a composite number?
False
Is 7014145 a composite number?
True
Is 404110211 prime?
True
Is 11251691 a prime number?
False
Is 4545679 composite?
True
Is 34782019 composite?
False
Is 65855683 composite?
True
Is 317729 prime?
True
Is 16131803 a composite number?
False
Is 7417793 prime?
False
Is 796468207 prime?
False
Is 21009199 a prime number?
True
Is 6229 a prime number?
True
Is 215230211 a composite number?
True
Is 40802647 prime?
True
Is 4000439 prime?
True
Is 94365299 composite?
True
Is 51883639 a composite number?
True
Is 40174397 composite?
True
Is 194220091 prime?
False
Is 67211 a composite number?
False
Is 78338807 prime?
False
Is 1334577 a composite number?
True
Is 2138467 a prime number?
True
Is 6111709 a prime number?
True
Is 20680901 a composite number?
False
Is 65830139 a composite number?
False
Is 35835017 a p